7871
What are the prime factors of 4057003?
431, 9413
What are the prime factors of 277673?
11, 25243
What are the prime factors of 2546070?
2, 3, 5, 84869
What are the prime factors of 4874233?
7, 13, 29, 1847
List the prime factors of 9465367.
277, 34171
What are the prime factors of 989853?
3, 329951
What are the prime factors of 5649309?
3, 59, 10639
List the prime factors of 233992.
2, 11, 2659
List the prime factors of 504986.
2, 89, 2837
What are the prime factors of 11076938?
2, 23, 113, 2131
What are the prime factors of 1600415?
5, 320083
What are the prime factors of 373380?
2, 3, 5, 7, 127
List the prime factors of 363373.
363373
What are the prime factors of 1838050?
2, 5, 36761
What are the prime factors of 2840102?
2, 269, 5279
What are the prime factors of 534119?
79, 6761
List the prime factors of 23264100.
2, 3, 5, 25849
What are the prime factors of 3476654?
2, 1738327
What are the prime factors of 103536?
2, 3, 719
What are the prime factors of 3416648?
2, 427081
List the prime factors of 6027400.
2, 5, 30137
List the prime factors of 640954.
2, 320477
List the prime factors of 492672.
2, 3, 1283
What are the prime factors of 1566178?
2, 783089
List the prime factors of 15393345.
3, 5, 11, 29, 3217
List the prime factors of 8459145.
3, 5, 317, 593
What are the prime factors of 1515683?
13, 31, 3761
List the prime factors of 1538999.
7, 11, 23, 79
List the prime factors of 832830.
2, 3, 5, 17, 23, 71
What are the prime factors of 2118260?
2, 5, 105913
What are the prime factors of 6049057?
7, 864151
What are the prime factors of 1818118?
2, 367, 2477
What are the prime factors of 190212?
2, 3, 11, 131
List the prime factors of 41287.
19, 41, 53
What are the prime factors of 11495080?
2, 5, 193, 1489
What are the prime factors of 17097490?
2, 5, 1709749
List the prime factors of 396182.
2, 198091
What are the prime factors of 26065519?
29, 89, 10099
What are the prime factors of 480558?
2, 3, 13, 61, 101
List the prime factors of 549352.
2, 68669
List the prime factors of 5171028.
2, 3, 73, 5903
List the prime factors of 332756.
2, 41, 2029
List the prime factors of 1073552.
2, 229, 293
What are the prime factors of 3621827?
11, 329257
What are the prime factors of 2693938?
2, 13, 103613
List the prime factors of 208492.
2, 47, 1109
List the prime factors of 44276.
2, 11069
What are the prime factors of 1347326?
2, 337, 1999
What are the prime factors of 702843?
3, 234281
What are the prime factors of 1884058?
2, 11, 85639
What are the prime factors of 355643?
355643
What are the prime factors of 277004?
2, 7, 13, 761
List the prime factors of 376871.
11, 34261
What are the prime factors of 872850?
2, 3, 5, 11, 23
What are the prime factors of 225609?
3, 157, 479
List the prime factors of 465840.
2, 3, 5, 647
List the prime factors of 568284.
2, 3, 23, 29, 71
What are the prime factors of 5524322?
2, 37, 74653
List the prime factors of 2048753.
7, 292679
List the prime factors of 1364834.
2, 682417
List the prime factors of 4492498.
2, 23, 127, 769
List the prime factors of 3060880.
2, 5, 38261
What are the prime factors of 4587686?
2, 829, 2767
List the prime factors of 7847242.
2, 13, 43, 7019
List the prime factors of 9568898.
2, 29, 5689
What are the prime factors of 9745568?
2, 7, 139, 313
List the prime factors of 5596722.
2, 3, 103643
What are the prime factors of 268837?
41, 79, 83
List the prime factors of 16576281.
3, 499, 3691
List the prime factors of 15885.
3, 5, 353
What are the prime factors of 7959136?
2, 248723
List the prime factors of 1310494.
2, 23, 31, 919
What are the prime factors of 19789696?
2, 349, 443
List the prime factors of 999287.
999287
What are the prime factors of 33895?
5, 6779
List the prime factors of 1144621.
1144621
List the prime factors of 78462.
2, 3, 1453
List the prime factors of 1050198.
2, 3, 101, 1733
List the prime factors of 325683.
3, 36187
What are the prime factors of 983250?
2, 3, 5, 19, 23
List the prime factors of 456301.
181, 2521
What are the prime factors of 4108842?
2, 3, 67, 3407
List the prime factors of 188424.
2, 3, 2617
List the prime factors of 140047.
23, 6089
What are the prime factors of 3101304?
2, 3, 129221
What are the prime factors of 13492051?
53, 193, 1319
What are the prime factors of 28155?
3, 5, 1877
List the prime factors of 3528763.
7, 97, 5197
What are the prime factors of 15575325?
3, 5, 207671
List the prime factors of 749774.
2, 374887
What are the prime factors of 1423972?
2, 11, 32363
What are the prime factors of 452568?
2, 3, 109, 173
List the prime factors of 2055874.
2, 47, 21871
List the prime factors of 15962763.
3, 5320921
What are the prime factors of 14516674?
2, 17, 419, 1019
What are the prime factors of 167937?
3, 7, 11, 727
List the prime factors of 251332.
2, 19, 3307
List the prime factors of 703509.
3, 151, 1553
List the prime factors of 91805.
5, 7, 43, 61
What are the prime factors of 316913?
31, 10223
List the prime factors of 2157015.
3, 5, 7, 20543
What are the prime factors of 936698?
2, 7, 23, 2909
What are the prime factors of 18852252?
2, 3, 17, 92413
List the prime factors of 850296.
2, 3, 71, 499
What are the prime factors of 443280?
2, 3, 5, 1847
List the prime factors of 2162984.
2, 167, 1619
What are the prime factors of 7404711?
3, 89, 27733
What are the prime factors of 746686?
2, 373343
What are the prime factors of 16051559?
461, 34819
List the prime factors of 16800324.
2, 3, 41, 34147
What are the prime factors of 6126624?
2, 3, 7, 1013
List the prime factors of 523460.
2, 5, 7, 3739
What are the prime factors of 218839?
218839
List the prime factors of 5596.
2, 1399
What are the prime factors of 616358?
2, 47, 79, 83
List the prime factors of 351065.
5, 11, 13, 491
What are the prime factors of 13396545?
3, 5, 41, 53, 137
List the prime factors of 2711828.
2, 7, 96851
List the prime factors of 913066.
2, 7, 11
What are the prime factors of 878952?
2, 3, 53, 691
What are the prime factors of 129162?
2, 3, 11, 19, 103
What are the prime factors of 1366410?
2, 3, 5, 37, 1231
What are the prime factors of 543640?
2, 5, 13591
What are the prime factors of 32693706?
2, 3, 67271
List the prime factors of 1410123.
3, 11, 13, 19, 173
What are the prime factors of 13176695?
5, 7, 376477
What are the prime factors of 5681726?
2, 127, 22369
What are the prime factors of 1666951?
11, 13, 11657
List the prime factors of 3454961.
17, 203233
What are the prime factors of 178359?
3, 59453
List the prime factors of 11588864.
2, 7, 29, 223
What are the prime factors of 15408654?
2, 3, 911, 2819
What are the prime factors of 1327903?
1327903
What are the prime factors of 266858?
2, 29, 43, 107
What are the prime factors of 125743?
125743
List the prime factors of 5837638.
2, 37, 78887
List the prime factors of 1413185.
5, 109, 2593
What are the prime factors of 148933?
148933
List the prime factors of 97189.
17, 5717
List the prime factors of 23936584.
2, 7, 427439
What are the prime factors of 1245904?
2, 11, 7079
List the prime factors of 495140.
2, 5, 19, 1303
List the prime factors of 154479.
3, 13, 17, 233
What are the prime factors of 1412707?
19, 74353
List the prime factors of 4472388.
2, 3, 41411
List the prime factors of 2622032.
2, 7, 41, 571
What are the prime factors of 209884?
2, 137, 383
List the prime factors of 104033.
104033
What are the prime factors of 1358693?
7, 67, 2897
List the prime factors of 33419057.
7, 4774151
List the prime factors of 326615.
5, 65323
What are the prime factors of 13947668?
2, 7, 37, 13463
What are the prime factors of 11436317?
2689, 4253
List the prime factors of 10967417.
10967417
What are the prime factors of 1214519?
1214519
List the prime factors of 642027.
3, 214009
List the prime factors of 1709795.
5, 341959
What are the prime factors of 10009512?
2, 3, 139021
What are the prime factors of 763525?
5, 7, 4363
List the prime factors of 8242709.
827, 9967
What are the prime factors of 12581283?
3, 11, 13, 29327
List the prime factors of 261609.
3, 29, 31, 97
What are the prime factors of 248264?
2, 31033
What are the prime factors of 54101?
54101
List the prime factors of 1393470.
2, 3, 5, 13, 397
List the prime factors of 1053770.
2, 5, 167, 631
List the prime factors